ue
Is 474733 a prime number?
False
Is 9311 a prime number?
True
Is 889 a prime number?
False
Is 173829 composite?
True
Is 11569 prime?
False
Is 2819 a composite number?
False
Is 48463 prime?
True
Is 4486 a prime number?
False
Is 782423 a composite number?
True
Is 6521 a prime number?
True
Is 536267 a prime number?
True
Is 12531 prime?
False
Is 32689 composite?
True
Is 52627 a composite number?
False
Is 1128841 a composite number?
True
Is 5437 composite?
False
Is 739241 a composite number?
False
Is 68647 a composite number?
True
Is 259151 composite?
False
Is 266723 a prime number?
False
Is 196985 a composite number?
True
Is 90043 a composite number?
True
Is 80246 a prime number?
False
Is 7291 prime?
False
Is 29789 composite?
False
Is 103301 a composite number?
True
Is 17203 prime?
True
Is 2498 a composite number?
True
Is 34015 a composite number?
True
Is 3007 a prime number?
False
Is 47191 composite?
True
Is 28687 a composite number?
False
Is 9461 prime?
True
Is 2412721 prime?
True
Is 191899 composite?
False
Is 5578 prime?
False
Is 699923 a prime number?
False
Is 89593 a composite number?
True
Is 4319 a composite number?
True
Is 1023257 a composite number?
False
Is 31139 a composite number?
False
Is 2219081 prime?
True
Is 33455 composite?
True
Is 5507 composite?
False
Is 546866 a composite number?
True
Is 139 a prime number?
True
Is 3528847 prime?
False
Is 90437 a composite number?
False
Is 23979 prime?
False
Is 41047 prime?
True
Is 76079 a composite number?
False
Is 2332313 prime?
True
Is 3282281 a composite number?
False
Is 11969 a composite number?
False
Is 463 a prime number?
True
Is 11177 a composite number?
False
Is 4282 prime?
False
Is 389629 composite?
False
Is 4399 composite?
True
Is 10379 a prime number?
False
Is 228281 a prime number?
True
Is 4705 a prime number?
False
Is 5489 composite?
True
Is 38489 composite?
True
Is 5999 a prime number?
False
Is 463193 a prime number?
False
Is 551 a prime number?
False
Is 136363 prime?
False
Is 2147 composite?
True
Is 27917 prime?
True
Is 10921 composite?
True
Is 99751 prime?
False
Is 5813 prime?
True
Is 114547 prime?
True
Is 518497 a composite number?
True
Is 11626 composite?
True
Is 2890273 a prime number?
False
Is 256541 a prime number?
True
Is 8861 prime?
True
Is 136649 a prime number?
True
Is 32251 composite?
False
Is 1535 a composite number?
True
Is 1504501 a composite number?
False
Is 15991 a prime number?
True
Is 10079 composite?
False
Is 18227 a composite number?
True
Is 5113 a composite number?
False
Is 1467413 prime?
True
Is 17971 prime?
True
Is 163 composite?
False
Is 83103 prime?
False
Is 153407 a prime number?
True
Is 908353 prime?
True
Is 51713 prime?
True
Is 1669 composite?
False
Is 411703 prime?
True
Is 171427 prime?
True
Is 3637 a composite number?
False
Is 21029 composite?
True
Is 332039 a composite number?
False
Is 165777 prime?
False
Is 7603 composite?
False
Is 8501 a composite number?
False
Is 79967 composite?
False
Is 5172889 a composite number?
False
Is 106549 prime?
False
Is 73271 composite?
True
Is 280297 a prime number?
True
Is 1077937 a composite number?
True
Is 8287 a prime number?
True
Is 8057 composite?
True
Is 1250141 prime?
True
Is 41371 a prime number?
False
Is 22937 prime?
True
Is 480589 composite?
True
Is 1793 a prime number?
False
Is 13613 a prime number?
True
Is 80761 composite?
False
Is 61223 prime?
True
Is 19001 prime?
True
Is 396077 a prime number?
False
Is 71761 prime?
True
Is 669637 a prime number?
True
Is 139957 composite?
True
Is 2485727 prime?
True
Is 1703165 prime?
False
Is 491 prime?
True
Is 5737 a prime number?
True
Is 9527 prime?
False
Is 472309 a composite number?
False
Is 2563 composite?
True
Is 530479 prime?
False
Is 94759 prime?
False
Is 81085 a composite number?
True
Is 4861 composite?
False
Is 37307 composite?
False
Is 372689 prime?
True
Is 75451 a prime number?
False
Is 211579 a composite number?
True
Is 494369 prime?
True
Is 1108223 a composite number?
False
Is 322165 a composite number?
True
Is 553053 prime?
False
Is 18763 a prime number?
False
Is 202838 a prime number?
False
Is 88117 prime?
True
Is 135767 a composite number?
True
Is 43103 composite?
False
Is 2339 composite?
False
Is 27941 a composite number?
False
Is 77963 a composite number?
True
Is 376307 composite?
False
Is 665813 prime?
True
Is 3085 a prime number?
False
Is 39637 composite?
True
Is 16327 composite?
True
Is 48947 composite?
False
Is 179763 a composite number?
True
Is 18899 composite?
False
Is 104459 prime?
True
Is 25595 composite?
True
Is 52783 prime?
True
Is 4207 prime?
False
Is 103339 prime?
False
Is 48751 prime?
True
Is 6247 a prime number?
True
Is 47303 prime?
True
Is 57553 a composite number?
True
Is 406693 a composite number?
True
Is 32741 a prime number?
False
Is 1407317 a composite number?
False
Is 332791 composite?
False
Is 403951 prime?
True
Is 202013 a composite number?
True
Is 88099 a prime number?
False
Is 46087 prime?
False
Is 17519 a composite number?
False
Is 990589 a composite number?
False
Is 23159 composite?
False
Is 224027 prime?
True
Is 721261 a prime number?
True
Is 298303 prime?
True
Is 103289 a prime number?
True
Is 99557 a composite number?
True
Is 318823 prime?
True
Is 2213 a prime number?
True
Is 371733 composite?
True
Is 33071 a composite number?
False
Is 263693 composite?
True
Is 17707 a composite number?
False
Is 1714 a prime number?
False
Is 8609 a composite number?
False
Is 203521 composite?
True
Is 4703 composite?
False
Is 386381 a prime number?
True
Is 10403 a prime number?
False
Is 18859 composite?
False
Is 78661 a composite number?
True
Is 470131 a prime number?
True
Is 32647 a composite number?
False
Is 20611 a prime number?
True
Is 4759301 composite?
False
Is 9569 prime?
False
Is 89701 a prime number?
False
Is 265 composite?
True
Is 4426 prime?
False
Is 50317 prime?
False
Is 32297 prime?
True
Is 161869 a composite number?
False
Is 29777 composite?
True
Is 202819 composite?
True
Is 10301 composite?
False
Is 62833 a composite number?
True
Is 62819 prime?
True
Is 1168523 prime?
True
Is 66029 a prime number?
True
Is 1693 composite?
False
Is 19622 a composite number?
True
Is 30341 composite?
False
Is 318661 composite?
True
Is 631 a prime number?
True
Is 160201 a prime number?
True
Is 579983 composite?
False
Is 7415 a prime number?
False
Is 103809 prime?
False
Is 5147 a composite number?
False
Is 26087 prime?
False
Is 40871 prime?
False
Is 176029 a composite number?
True
Is 34283 composite?
False
Is 94099 a composite number?
False
Is 64241 a prime number?
False
Is 137177 a composite number?
False
Is 56629 composite?
False
Is 785561 prime?
False
Is 12381 prime?
False
Is 9601 a prime number?
True
Is 26167 prime?
False
Is 235471 composite?
True
Is 1838693 prime?
True
Is 87463 a prime number?
False
Is 70651 a prime number?
False
Is 283891 a prime number?
False
Is 1782203 composite?
False
Is 27733 a prime number?
True
Is 231403 a prime number?
False
Is 14834 composite?
True
Is 78361 a composite number?
True
Is 8117 prime?
True
Is 1187 prime?
True
Is 157189 prime?
True
Is 1641 a composite number?
True
Is 251 a prime number?
True
Is 673 composite?
False
Is 31271 composite?
False
Is 2599907 a composite number?
False
Is 26669 composite?
False
Is 99805 a prime number?
False
Is 5683 prime?
True
Is 8221 composite?
False
Is 877 a prime number?
True
Is 377171 a composite number?
False
Is 5371 composite?
True
Is 148089 composite?
True
Is 98317 prime?
True
Is 821563 composite?
True
Is 559999 composite?
True
Is 32467 prime?
True
Is 2010679 a prime number?
False
Is 655 composite?
True
Is 4583 composite?
False
Is 5261 composite?
False
Is 34123 prime?
True
Is 105407 composite?
False
Is 7039 prime?
True
Is 10559 a composite number?
False
Is 1931 prime?
True
Is 21709 prime?
False
Is 143 prime?
False
Is 375601 prime?
False
Is 18497 a prime number?
False
Is 708959 a composite number?
False
Is 116239 prime?
True
Is 1422326 composite?
True
Is 207193 prime?
False
Is 12149 composite?
False
Is 2867 a prime number?
False
Is 18021 a composite number?
True
Is 1087 composite?
False
Is 16007 prime?
True
Is 20455 composite?
True
Is 305751 composite?
True
Is 167249 a prime number?
True
Is 397721 composite?
False
Is 140531 a composite number?
True
Is 67289 prime?
True